e prime factors of 4326838?
2, 281, 7699
What are the prime factors of 201806?
2, 11, 9173
List the prime factors of 2505900.
2, 3, 5, 8353
What are the prime factors of 3499824?
2, 3, 17, 4289
List the prime factors of 1571789.
1571789
What are the prime factors of 3532849?
47, 75167
List the prime factors of 438506.
2, 233, 941
List the prime factors of 15736635.
3, 5, 149, 2347
What are the prime factors of 736649?
19, 137, 283
What are the prime factors of 11809054?
2, 89, 66343
What are the prime factors of 276015?
3, 5, 18401
What are the prime factors of 1002419?
11, 91129
What are the prime factors of 589349?
589349
List the prime factors of 13606787.
37, 367751
List the prime factors of 42251.
11, 23, 167
List the prime factors of 12496520.
2, 5, 312413
What are the prime factors of 2359190?
2, 5, 235919
List the prime factors of 7190481.
3, 31, 77317
What are the prime factors of 248554?
2, 124277
What are the prime factors of 46618?
2, 11, 13, 163
List the prime factors of 10126339.
17, 53, 11239
List the prime factors of 434528.
2, 37, 367
What are the prime factors of 1811740?
2, 5, 7, 12941
List the prime factors of 9624726.
2, 3, 534707
List the prime factors of 283700.
2, 5, 2837
What are the prime factors of 758643?
3, 252881
List the prime factors of 8981320.
2, 5, 31, 7243
List the prime factors of 6665.
5, 31, 43
List the prime factors of 44470.
2, 5, 4447
What are the prime factors of 151093?
139, 1087
List the prime factors of 15839842.
2, 7919921
List the prime factors of 324354.
2, 3, 54059
What are the prime factors of 60849?
3, 6761
List the prime factors of 3464539.
13, 59, 4517
What are the prime factors of 5630343?
3, 1876781
List the prime factors of 5275974.
2, 3, 11, 79939
What are the prime factors of 103406?
2, 149, 347
What are the prime factors of 1544394?
2, 3, 257399
What are the prime factors of 497718?
2, 3, 13, 709
List the prime factors of 6406986.
2, 3, 1067831
What are the prime factors of 4266708?
2, 3, 355559
What are the prime factors of 883399?
11, 80309
List the prime factors of 3159659.
73, 43283
List the prime factors of 1170542.
2, 585271
List the prime factors of 3876053.
29, 133657
What are the prime factors of 159884?
2, 39971
What are the prime factors of 216377?
7, 30911
List the prime factors of 472161.
3, 31, 5077
What are the prime factors of 850953?
3, 19, 14929
What are the prime factors of 444132?
2, 3, 13, 73
What are the prime factors of 503136?
2, 3, 1747
What are the prime factors of 30290?
2, 5, 13, 233
What are the prime factors of 232949?
281, 829
List the prime factors of 1878892.
2, 469723
What are the prime factors of 7545763?
41, 184043
What are the prime factors of 384596?
2, 96149
List the prime factors of 23307074.
2, 7, 563, 2957
What are the prime factors of 3453728?
2, 37, 2917
List the prime factors of 21821016.
2, 3, 7, 129887
List the prime factors of 21385445.
5, 37, 115597
What are the prime factors of 8473553?
11, 83, 9281
List the prime factors of 4774614.
2, 3, 13, 41, 1493
What are the prime factors of 4195098?
2, 3, 77687
What are the prime factors of 282896?
2, 17681
What are the prime factors of 286561?
11, 109, 239
What are the prime factors of 313019?
7, 97, 461
List the prime factors of 3938725.
5, 7, 71, 317
List the prime factors of 3364863.
3, 1121621
List the prime factors of 10837233.
3, 11, 12163
List the prime factors of 135835.
5, 7, 3881
List the prime factors of 88608.
2, 3, 13, 71
What are the prime factors of 289?
17
What are the prime factors of 20429112?
2, 3, 11, 77383
List the prime factors of 1051180.
2, 5, 13, 311
List the prime factors of 1582687.
89, 17783
List the prime factors of 456516.
2, 3, 1409
List the prime factors of 4113332.
2, 1028333
What are the prime factors of 1814253?
3, 7, 19, 4547
What are the prime factors of 13229?
13229
What are the prime factors of 869226?
2, 3, 277, 523
What are the prime factors of 6191160?
2, 3, 5, 51593
What are the prime factors of 18100445?
5, 11, 19, 17321
List the prime factors of 264104.
2, 33013
List the prime factors of 358926.
2, 3, 163, 367
What are the prime factors of 8491522?
2, 13, 326597
List the prime factors of 37723619.
37723619
List the prime factors of 286501.
17, 19, 887
What are the prime factors of 2133596?
2, 533399
What are the prime factors of 1457330?
2, 5, 7, 109, 191
What are the prime factors of 19266821?
7, 2752403
List the prime factors of 141294.
2, 3, 23549
List the prime factors of 23620993.
11, 29, 74047
List the prime factors of 8059544.
2, 103, 9781
List the prime factors of 2484394.
2, 11, 112927
What are the prime factors of 178740?
2, 3, 5, 331
What are the prime factors of 589274?
2, 7, 859
What are the prime factors of 236696?
2, 29587
List the prime factors of 1540293.
3, 513431
List the prime factors of 541882.
2, 11, 24631
List the prime factors of 2688744.
2, 3, 112031
What are the prime factors of 58891?
7, 47, 179
List the prime factors of 9146696.
2, 13, 37, 2377
What are the prime factors of 11009630?
2, 5, 127, 8669
What are the prime factors of 212147?
13, 16319
List the prime factors of 20906613.
3, 7, 13, 67, 127
What are the prime factors of 1398304?
2, 37, 1181
What are the prime factors of 7219210?
2, 5, 721921
List the prime factors of 12947442.
2, 3, 2157907
List the prime factors of 30363955.
5, 17, 211, 1693
List the prime factors of 772244.
2, 11, 17551
List the prime factors of 31021920.
2, 3, 5, 43, 167
What are the prime factors of 3504332?
2, 13, 67391
What are the prime factors of 23257487?
11, 2114317
List the prime factors of 832809.
3, 277603
List the prime factors of 1061691.
3, 353897
What are the prime factors of 903654?
2, 3, 61, 823
What are the prime factors of 322487?
11, 19, 1543
List the prime factors of 119302.
2, 59651
What are the prime factors of 29815201?
13, 67, 34231
List the prime factors of 13814031.
3, 7, 11, 8543
List the prime factors of 588052.
2, 113, 1301
What are the prime factors of 3351056?
2, 209441
List the prime factors of 249513.
3, 11, 7561
List the prime factors of 24928775.
5, 997151
What are the prime factors of 3048718?
2, 1524359
List the prime factors of 203730.
2, 3, 5, 6791
List the prime factors of 346145.
5, 107, 647
What are the prime factors of 4557188?
2, 19, 61, 983
What are the prime factors of 8505273?
3, 7, 57859
What are the prime factors of 1588053?
3, 41, 12911
List the prime factors of 2089280.
2, 5, 6529
List the prime factors of 8759355.
3, 5, 11, 53087
What are the prime factors of 233753?
13, 17981
What are the prime factors of 876184?
2, 31, 3533
List the prime factors of 9255594.
2, 3, 1542599
What are the prime factors of 337763?
19, 29, 613
List the prime factors of 3012841.
13, 47, 4931
What are the prime factors of 188942?
2, 13, 43
List the prime factors of 146031.
3, 48677
What are the prime factors of 5461490?
2, 5, 546149
List the prime factors of 52729.
67, 787
What are the prime factors of 2540440?
2, 5, 7, 43, 211
List the prime factors of 606163.
229, 2647
What are the prime factors of 2720031?
3, 47, 101, 191
What are the prime factors of 3031054?
2, 13, 116579
What are the prime factors of 472650?
2, 3, 5, 23, 137
List the prime factors of 215794.
2, 107897
List the prime factors of 100867.
13, 7759
List the prime factors of 12055619.
29, 199, 2089
What are the prime factors of 21066505?
5, 23, 37, 4951
What are the prime factors of 7932613?
13, 47, 12983
What are the prime factors of 2375829?
3, 277, 953
What are the prime factors of 624963?
3, 41, 5081
What are the prime factors of 206623?
206623
What are the prime factors of 74403?
3, 7, 1181
What are the prime factors of 325481?
13, 25037
List the prime factors of 430870.
2, 5, 11, 3917
List the prime factors of 134009.
29, 4621
List the prime factors of 382620.
2, 3, 5, 7, 911
What are the prime factors of 780392?
2, 97549
What are the prime factors of 18188361?
3, 673643
What are the prime factors of 604682?
2, 13, 1789
What are the prime factors of 739726?
2, 13, 23, 1237
List the prime factors of 335086.
2, 167543
What are the prime factors of 5221784?
2, 652723
List the prime factors of 8594511.
3, 337, 8501
What are the prime factors of 16849010?
2, 5, 19, 71, 1249
List the prime fac